nder when 3585 is divided by 3.
0
What is the remainder when 9874 is divided by 702?
46
Calculate the remainder when 12536 is divided by 38.
34
Calculate the remainder when 361173 is divided by 361162.
11
What is the remainder when 1753 is divided by 4?
1
Calculate the remainder when 846 is divided by 267.
45
Calculate the remainder when 968948 is divided by 161489.
14
What is the remainder when 1129 is divided by 509?
111
Calculate the remainder when 631205 is divided by 107.
12
Calculate the remainder when 96129 is divided by 493.
487
What is the remainder when 18841 is divided by 49?
25
What is the remainder when 3517 is divided by 99?
52
What is the remainder when 1410 is divided by 462?
24
Calculate the remainder when 18691 is divided by 9042.
607
Calculate the remainder when 4926 is divided by 40.
6
Calculate the remainder when 7522 is divided by 269.
259
What is the remainder when 3413 is divided by 425?
13
Calculate the remainder when 4433 is divided by 881.
28
What is the remainder when 2008 is divided by 10?
8
What is the remainder when 43930 is divided by 732?
10
What is the remainder when 1671 is divided by 247?
189
What is the remainder when 2482 is divided by 12?
10
Calculate the remainder when 1485 is divided by 158.
63
What is the remainder when 7266 is divided by 23?
21
Calculate the remainder when 138990 is divided by 68.
66
What is the remainder when 453225 is divided by 96?
9
Calculate the remainder when 414139 is divided by 13.
11
What is the remainder when 4344 is divided by 310?
4
Calculate the remainder when 5158 is divided by 59.
25
What is the remainder when 6731 is divided by 32?
11
What is the remainder when 1316 is divided by 574?
168
Calculate the remainder when 72609 is divided by 305.
19
Calculate the remainder when 1513 is divided by 1505.
8
Calculate the remainder when 10081 is divided by 388.
381
Calculate the remainder when 243265 is divided by 243.
22
Calculate the remainder when 51599 is divided by 150.
149
What is the remainder when 1139 is divided by 550?
39
What is the remainder when 12051 is divided by 11832?
219
What is the remainder when 4722 is divided by 4?
2
What is the remainder when 6648 is divided by 3322?
4
What is the remainder when 3802034 is divided by 46?
42
Calculate the remainder when 1553 is divided by 323.
261
What is the remainder when 31215 is divided by 557?
23
What is the remainder when 38 is divided by 25?
13
Calculate the remainder when 893364 is divided by 54.
42
Calculate the remainder when 1359864 is divided by 274.
2
Calculate the remainder when 4308687 is divided by 15.
12
Calculate the remainder when 12845 is divided by 2569.
0
What is the remainder when 51388 is divided by 357?
337
What is the remainder when 4987 is divided by 153?
91
What is the remainder when 45167 is divided by 8?
7
What is the remainder when 8578 is divided by 245?
3
What is the remainder when 24341 is divided by 332?
105
What is the remainder when 38039 is divided by 9504?
23
Calculate the remainder when 881 is divided by 439.
3
What is the remainder when 1306 is divided by 314?
50
Calculate the remainder when 28758 is divided by 1064.
30
Calculate the remainder when 6941 is divided by 3445.
51
Calculate the remainder when 5667 is divided by 67.
39
What is the remainder when 2341 is divided by 266?
213
Calculate the remainder when 190140 is divided by 47533.
8
Calculate the remainder when 1261 is divided by 103.
25
What is the remainder when 3415 is divided by 1109?
88
Calculate the remainder when 4271 is divided by 1414.
29
What is the remainder when 3829 is divided by 1857?
115
Calculate the remainder when 181547 is divided by 507.
41
What is the remainder when 378429 is divided by 438?
435
What is the remainder when 5892 is divided by 1117?
307
What is the remainder when 1956132 is divided by 15?
12
What is the remainder when 32129 is divided by 153?
152
Calculate the remainder when 2522 is divided by 2441.
81
Calculate the remainder when 1016 is divided by 897.
119
Calculate the remainder when 56300 is divided by 261.
185
Calculate the remainder when 6679 is divided by 108.
91
Calculate the remainder when 7433 is divided by 90.
53
What is the remainder when 31614 is divided by 108?
78
What is the remainder when 78672 is divided by 168?
48
What is the remainder when 78126 is divided by 2170?
6
What is the remainder when 2382 is divided by 1043?
296
Calculate the remainder when 1071443 is divided by 267858.
11
Calculate the remainder when 788 is divided by 31.
13
Calculate the remainder when 15083 is divided by 15079.
4
Calculate the remainder when 21914 is divided by 7267.
113
Calculate the remainder when 276637 is divided by 40.
37
What is the remainder when 126499 is divided by 460?
459
What is the remainder when 12541 is divided by 727?
182
Calculate the remainder when 1796 is divided by 133.
67
What is the remainder when 731 is divided by 187?
170
What is the remainder when 13046 is divided by 450?
446
Calculate the remainder when 21260 is divided by 14.
8
Calculate the remainder when 941 is divided by 334.
273
What is the remainder when 448222 is divided by 48?
46
Calculate the remainder when 390271 is divided by 222.
217
Calculate the remainder when 182192 is divided by 36.
32
Calculate the remainder when 72508 is divided by 14499.
13
Calculate the remainder when 11449 is divided by 10.
9
Calculate the remainder when 1662 is divided by 122.
76
What is the remainder when 29183 is divided by 57?
56
Calculate the remainder when 4348 is divided by 502.
332
Calculate the remainder when 2225 is divided by 1077.
71
Calculate the remainder when 77361 is divided by 14.
11
Calculate the remainder when 401691 is divided by 36.
3
What is the remainder when 24295 is divided by 1212?
55
What is the remainder when 3763381 is divided by 376?
373
What is the remainder when 94228 is divided by 127?
121
What is the remainder when 11546 is divided by 361?
355
What is the remainder when 1560 is divided by 1007?
553
Calculate the remainder when 9883 is divided by 176.
27
Calculate the remainder when 19699 is divided by 27.
16
What is the remainder when 8966 is divided by 360?
326
Calculate the remainder when 9412 is divided by 279.
205
What is the remainder when 12810 is divided by 90?
30
Calculate the remainder when 3932 is divided by 938.
180
Calculate the remainder when 25925 is divided by 6479.
9
What is the remainder when 9724 is divided by 146?
88
What is the remainder when 39312 is divided by 1637?
24
What is the remainder when 5273 is divided by 5257?
16
Calculate the remainder when 249144 is divided by 626.
622
What is the remainder when 49036 is divided by 327?
313
Calculate the remainder when 743534 is divided by 155.
154
What is the remainder when 287097 is divided by 7759?
14
Calculate the remainder when 2203276 is divided by 20.
16
Calculate the remainder when 8910 is divided by 387.
9
What is the remainder when 3909 is divided by 314?
141
What is the remainder when 70784 is divided by 44?
32
What is the remainder when 2244134 is divided by 320589?
11
Calculate the remainder when 4212 is divided by 462.
54
What is the remainder when 107639 is divided by 598?
597
What is the remainder when 2424740 is divided by 238?
234
Calculate the remainder when 486 is divided by 11.
2
What is the remainder when 1893 is divided by 713?
467
Calculate the remainder when 811 is divided by 20.
11
Calculate the remainder when 12649 is divided by 704.
681
Calculate the remainder when 36 is divided by 22.
14
Calculate the remainder when 78916 is divided by 15781.
11
Calculate the remainder when 52776 is divided by 26381.
14
What is the remainder when 54897 is divided by 314?
261
Calculate the remainder when 53931 is divided by 805.
801
Calculate the remainder when 24259 is divided by 10.
9
What is the remainder when 30769 is divided by 263?
261
Calculate the remainder when 1332 is divided by 596.
140
What is the remainder when 968119 is divided by 10?
9
Calculate the remainder when 22277 is divided by 11.
2
What is the remainder when 7990 is divided by 336?
262
Calculate the remainder when 293139 is divided by 50.
39
Calculate the remainder when 20963 is divided by 10377.
209
Calculate the remainder when 14054 is div